(base 3) to base 12.
-50732
-1434212 (base 7) to base 10
-193559
Convert -356748 (base 9) to base 5.
-23334222
What is -1026343 (base 7) in base 10?
-124687
What is 30362635 (base 8) in base 13?
1438320
What is -a06a8 (base 15) in base 13?
-14a164
What is -6055166 (base 9) in base 11?
-1903194
-161934 (base 10) to base 14
-4302a
Convert 100110000111101000100 (base 2) to base 5.
304432332
149150 (base 11) to base 15
48a15
What is 3c6ac (base 13) in base 9?
182251
Convert -120a29a (base 12) to base 2.
-1101010110110100010110
22001020211200 (base 3) to base 14
7d4549
510233 (base 6) to base 9
61213
What is -22cd1 (base 14) in base 13?
-2c814
Convert -201002101022 (base 3) to base 14.
-9acc9
21a061 (base 11) to base 7
2655521
What is 9795 (base 16) in base 4?
21132111
-33969b (base 13) to base 11
-763a65
170755 (base 14) to base 4
3011103313
What is 1011100010010000011 (base 2) in base 3?
201012111112
Convert -5500a9 (base 11) to base 16.
-d67f3
Convert -100110101001100010011 (base 2) to base 12.
-510a97
What is 21200211002020 (base 3) in base 16?
3e6a6f
-2c34311 (base 13) to base 5
-12114013001
Convert -1010111001101000000101 (base 2) to base 10.
-2857477
41041432 (base 5) to base 3
121210212100
Convert 4143041 (base 5) to base 9.
113884
-22c57 (base 15) to base 2
-11011000010111110
Convert -4123344 (base 5) to base 13.
-24869
What is -1110103302 (base 4) in base 14?
-8dbc6
-1110011010010111 (base 2) to base 5
-3342111
Convert -10010220101 (base 3) to base 10.
-61894
Convert 2172680 (base 11) to base 6.
213355304
3154d1 (base 15) to base 10
2346721
What is 190a08 (base 12) in base 4?
1222222220
10322302 (base 5) to base 10
89077
What is 488332 (base 13) in base 7?
20501635
27a553b (base 13) to base 4
233320000033
-2407442 (base 8) to base 5
-132043414
-4420421 (base 6) to base 4
-311310331
Convert 4021673 (base 8) to base 4.
10002032323
What is -11103952 (base 10) in base 13?
-23ba1b2
What is a8650 (base 13) in base 6?
10304345
640255 (base 7) to base 16
1aff8
Convert -1365946 (base 10) to base 16.
-14d7ba
Convert 1c68b (base 16) to base 9.
186552
112020221012 (base 3) to base 2
1000100100000101000
What is -1829f (base 16) in base 5?
-11131400
What is -7885646 (base 10) in base 11?
-44a666a
1a45033 (base 11) to base 10
3447326
What is -8637865 (base 9) in base 3?
-22201021222012
What is d768 (base 16) in base 4?
31131220
3020014 (base 6) to base 3
21020120101
-223262 (base 13) to base 8
-3047475
Convert 122263622 (base 7) to base 10.
7696544
-10352504 (base 7) to base 5
-211340104
2864303 (base 10) to base 5
1213124203
6211110 (base 10) to base 7
103536123
Convert 91865 (base 10) to base 3.
11200000102
-43215111 (base 6) to base 5
-311341213
-4425501 (base 7) to base 6
-15401123
What is 66602046 (base 7) in base 14?
a99026
What is -532023 (base 6) in base 15?
-cc10
What is 248273 (base 11) in base 6?
12221044
What is -1301011222 (base 4) in base 7?
-3636316
What is -5be9c (base 15) in base 4?
-1013222223
18325 (base 13) to base 12
23017
c48c (base 14) to base 15
a05b
-177328 (base 9) to base 11
-759a7
Convert 8188122 (base 9) to base 2.
10000101010101001100110
What is -11a9a2 (base 13) in base 7?
-3412425
What is -12186 (base 11) in base 4?
-10101232
What is 548a9 (base 14) in base 11?
12a938
What is -303020230323 (base 4) in base 2?
-110011001000101100111011
Convert -191662 (base 13) to base 5.
-130203013
Convert 1a653a (base 11) to base 7.
2454363
What is 18a2b36 (base 12) in base 5?
2312022312
Convert -ab1dd (base 14) to base 9.
-701816
What is -3309891 (base 10) in base 12?
-1137543
Convert -22332043 (base 7) to base 10.
-1940725
What is 3a9632 (base 11) in base 14?
12a10b
-1641565 (base 7) to base 8
-676572
12200201201201 (base 3) to base 15
3eb857
What is 10112222101101 (base 3) in base 16?
1cd35f
What is 213a07 (base 12) in base 15?
a5871
31dcd6 (base 14) to base 9
3155338
What is -14354 (base 9) in base 16?
-2629
Convert 202332031 (base 4) to base 6.
3023101
1118569 (base 10) to base 14
2118db
-305105 (base 7) to base 8
-145736
-4aac72 (base 13) to base 7
-21153603
Convert 39d90 (base 16) to base 15.
4a314
Convert 20012202212010 (base 3) to base 10.
3302265
What is -21201110200202 (base 3) in base 12?
-145a732
101200221100 (base 3) to base 4
303123030
What is 600587 (base 9) in base 3?
200000122221
Convert 3a337 (base 13) to base 16.
1a6ae
What is -3724011 (base 9) in base 6?
-111213014
What is 35e403 (base 15) in base 7?
30632061
What is 1776a10 (base 11) in base 10?
3010612
a29074 (base 12) to base 8
11553430
What is 100120101101 (base 3) in base 6?
4012014
What is -11603266 (base 7) in base 14?
-1d226d
Convert -422566 (base 7) to base 15.
-16974
What is 1b1ca (base 14) in base 16?
10d6e
What is -189a158 (base 11) in base 3?
-20000211202022
-1505742 (base 8) to base 7
-3434543
-11101202220 (base 3) to base 7
-510303
-333127 (base 10) to base 2
-1010001010101000111
18891 (base 15) to base 11
54859
Convert -2032200103 (base 5) to base 2.
-1111111100000011101001
Convert 3312223320 (base 4) to base 14.
1c4332
Convert -1123132 (base 7) to base 11.
-964aa
What is 32162064 (base 7) in base 9?
5132580
What is 3221312 (base 5) in base 4?
31110312
Convert 1985226 (base 11) to base 5.
1324020243
Convert -5477361 (base 8) to base 9.
-2686308
What is 322111113 (base 5) in base 2?
101001100110101010011
Convert 264426211 (base 7) to base 10.
17015650
Convert 45522460 (base 7) to base 5.
2004102203
-30003342 (base 5) to base 13
-82b82
566721 (base 9) to base 3
122020210201
-7910a (base 15) to base 6
-12130201
-5b4bb8 (base 14) to base 3
-12212202200101
What is 1212220212 (base 4) in base 13?
119469
What is -25055113 (base 6) in base 2?
-11000011011111110101
-43221044 (base 6) to base 3
-2101221020001
What is 661511 (base 7) in base 3?
12212220112
-133002133030 (base 4) to base 8
-37023714
-30134 (base 8) to base 7
-51044
-c511 (base 14) to base 9
-51472
-13053073 (base 9) to base 7
-105334620
1002025 (base 6) to base 8
134001
Convert 35365 (base 8) to base 6.
153513
-520016 (base 7) to base 11
-60833
-24343 (base 8) to base 2
-10100011100011
Convert -143465230 (base 7) to base 16.
-90e35c
What is 177c506 (base 13) in base 4?
131030122022
1013331120 (base 4) to base 10
294744
-1bab36 (base 12) to base 10
-495834
What is 2802391 (base 11) in base 15?
657755
Convert 610449 (base 13) to base 7.
25120224
Convert c3899 (base 16) to base 14.
16bc49
Convert -2092734 (base 10) to base 3.
-10221022200200
Convert -7a4b1a (base 12) to base 5.
-1000121302
What is 113311031 (base 5) in base 9?
881184
Convert 121201002121 (base 3) to base 16.
50491
Convert 819e3 (base 16) to base 5.
113442130
What is -10110101110001001110 (base 2) in base 3?
-1101211022001
Convert 675475 (base 8) to base 2.
110111101100111101
Convert -1134214110 (base 5) to base 2.
-1010000110011111011110
Convert 1225620 (base 11) to base 9.
4006253
Convert 6265237 (base 8) to base 15.
22d815
Convert -d360b (base 14) to base 8.
-1741633
What is -f526c (base 16) in base 15?
-14c7ca
-10b07 (base 14) to base 13
-15616
What is 102202211200 (base 3) in base 13?
81606
What is 83302a (base 14) in base 9?
8285430
What is -22121001 (base 3) in base 15?
-1cca
Convert 100174 (base 11) to base 14.
42aa1
Convert 22233020 (base 5) to base 16.
2fdaa
What is 12ea (base 16) in base 11?
3702
-adb4 (base 16) to base 3
-2020222222
-24967e (base 15) to base 10
-1753094
Convert -27567110 (base 8) to base 10.
-6221384
What is 1612683 (base 10) in base 8?
6115613
What is 105525133 (base 6) in base 14?
38c90d
What is 12033130 (base 5) in base 16?
1b431
-3756510 (base 10) to base 13
-a16ab4
What is -76373 (base 10) in base 6?
-1345325
Convert 571501 (base 8) to base 11.
122299
Convert 7038449 (base 10) to base 9.
14216838
What is 16637 (base 9) in base 2?
10110010111111
What is 37178 (base 11) in base 6?
1051234
Convert -2f37d (base 16) to base 7.
-1433602
34104222 (base 5) to base 10
300562
What is -f1fc8 (base 16) in base 13?
-2891c4
Convert 5143a (base 11) to base 8.
222467
56113 (base 7) to base 3
201101001
What is 11130204213 (base 5) in base 14?
18d6d0a
Convert -119b90 (base 12) to base 8.
-1060134
What is 3336263 (base 7) in base 11?
262138
Convert -4828407 (base 9) to base 6.
-132033441
1010220230 (base 4) to bas